 11. Let r be (-16)/(-10) + (-80)/(-4600)*23. Determine c(r).
13
Let z(m) = -m**2 - 4*m + 7. Suppose -2*q = 4*p + 134, -2*p = -p + q + 35. Let d be (-1)/(-8)*-2 + 216/p. Give z(d).
-14
Let w(h) be the first derivative of -10 + 2*h**2 - 1/4*h**4 + 45*h - 1/3*h**3. Let n(g) be the first derivative of w(g). Calculate n(-3).
-17
Suppose -3*p - 37 = -46*t + 48*t, -2*p - t = 23. Let s(q) = q**3 + 37*q**2 + 250*q - 10. Calculate s(p).
8
Let y = -80 - -85. Let u(k) = 2*k**3 - 2*k**2 - 9*k + 1. Let q(x) = 2*x**3 - x**2 - 6*x + 1. Let t(d) = y*u(d) - 7*q(d). Calculate t(-2).
24
Suppose -70*n + 71*n - 3*a = 17, -20 = 4*a. Let m(h) be the second derivative of 0*h**n - 1/12*h**4 + 0 - h - 2/3*h**3. Give m(-3).
3
Let y(q) = -4*q**2 + 8*q - 8. Let c(i) = 3*i**2 - 8*i + 7. Let o(l) = 5*c(l) + 4*y(l). Suppose -64*g + 67*g + 23 = 4*z, -4*g + z - 35 = 0. Give o(g).
-6
Let c(k) = 8*k**2 - 161*k - 12. Let f(i) = -13*i**2 - i. Let b(v) = -c(v) - 2*f(v). Give b(-9).
3
Let g(v) = -5*v**2 - 2*v**3 + 10*v + 4*v**3 - v**3 - 2835 - 2842 + 5668. Calculate g(3).
3
Let l = 54 + -49. Let s(z) = -4*z**3 + z**2 + 7*z - 8. Let o(w) = 11*w**3 - 4*w**2 - 20*w + 22. Let a(x) = 3*o(x) + 8*s(x). What is a(l)?
7
Let n(q) = 27*q - 40 - 2*q - 12 + 73. Calculate n(3).
96
Let w(q) = -q**3 - 6*q**2 + 9*q + 4. Suppose -118 + 113 = 5*z. Let h = 6 + z. Suppose -h*i - 5*b - 10 = 0, -5*b - 20 = -9*b. Calculate w(i).
-10
Let x(f) = -41*f**3 - 9*f + 17. Let z(t) = -294*t**3 + t**2 - 63*t + 118. Let w(g) = -43*x(g) + 6*z(g). What is w(7)?
-9
Let h = 3126 + -3115. Let x(a) = -a**3 + 11*a**2 - a - 3. What is x(h)?
-14
Let c = 1520 + -1526. Let v(k) be the third derivative of -3*k**4/8 - 2*k**3/3 - 2*k**2. Let r(b) = 10*b + 4. Let t(m) = c*r(m) - 7*v(m). Determine t(-3).
-5
Let i(j) = 7*j**2 + 73*j - 10. Let h be i(-12). Let x = h - 123. Let a(r) = -41*r + 3. Let b(z) = -27*z + 2. Let v(u) = -5*a(u) + 7*b(u). What is v(x)?
-17
Let q(p) = 31 + 1 - 4 + 18 + p**2 + 22*p + 33. What is q(-17)?
-6
Suppose -5*c - 6 + 26 = 0. Suppose -t = -4*n - 7 - c, 2*n + 1 = 5*t. Let a be n*3/9 - -8. Let s(f) = f**2 - 6*f - 8. What is s(a)?
-1
Suppose 0*w = -3*h + 2*w - 94, -h - 34 = 2*w. Let s be (0 + 3)/((-48)/h). Let q(a) = -3*a + 3*a - 4*a + 6*a - a**s. Give q(4).
-8
Let c(l) = l**3 - 35*l**2 + 93*l + 90. Let g be c(32). Let h(q) = 2*q**3 + 13*q**2 + 6*q + 13. Give h(g).
13
Let o(r) = -r**3 + r - 1. Let q(d) = 2*d**3 - d**2 + 3*d - 1. Let p(b) = 3*o(b) - q(b). Give p(2).
-38
Suppose -9*l = -12*l. Let q(i) = 13 + 2*i + i**3 + l*i**2 + i**2 + 31 - 45. What is q(2)?
15
Let o(k) = -4*k**3 - 72*k**2 - 67*k - 303. Let q(v) = v**3 + 24*v**2 + 22*v + 102. Let y(g) = 2*o(g) + 7*q(g). Calculate y(25).
-17
Let i(v) = v**2 - 7*v - 5. Let l(y) = -1. Let u(n) = -i(n) + 3*l(n). Let f(t) = -3*t - 97. Let d be f(-34). Determine u(d).
12
Let r be -2*(-4)/(-3 + 7). Let u(o) = -r*o + 5*o**2 - 9*o**2 + 3*o**2. Suppose -2*l = -0 + 8. What is u(l)?
-8
Let m(l) = 2*l**3 - l + 1. Let c(j) = 11*j**3 + 16*j**2 - 7*j + 17. Let p be 6/18 - (-10)/(-3) - -2. Let r(s) = p*c(s) + 6*m(s). Give r(16).
5
Let p(l) = -l**2 - 5*l - 3. Suppose 363*k - 276 = 357*k. Suppose 0 = -3*m + 3*w - 21, 0 = 2*m + 3*w - 47 + k. Give p(m).
1
Let h be (-3)/(-9) + 6/9. Let m be ((-6)/(-9))/(2/(-15)) + h. Let d(g) = -3*g**2 - 11*g - 1. Give d(m).
-5
Let h be ((-27)/45)/((-413)/(-105) + -4). Let c(k) = 2*k**2 - 16*k + 8. Give c(h).
26
Let t(u) = 16*u - 2. Let l(z) = -z**3 - 23*z**2 + 51*z + 23. Let s be l(-25). Give t(s).
-34
Let c(v) be the third derivative of -v**5/8 + 13*v**3/3 + 34*v**2. Let k(x) be the first derivative of c(x). What is k(1)?
-15
Let l(h) = h**2 + 9*h - 70. Suppose -22*k - 7*k - 155 = 222. Determine l(k).
-18
Let n be 7*(-5)/((-140)/8). Let r(g) = -4*g**2 - 16 + g**2 - 2*g**n - g + 6*g**2. Let k be 7 - (-605)/(-85) - 4/(-34). Give r(k).
-16
Let s be -1*(-2*3)/(-3). Let l(j) = 2058*j + 2 + 2017*j - 4069*j. Give l(s).
-10
Suppose 12*n - 88 = n. Let k be n/68 - (-132)/34. Let o(h) = -k + 7 + 1 + 7*h - 5. Determine o(1).
6
Let n be (-17 - 4)*(0 + 12/(-14)). Let i be (-58)/n - 4/(-18). Let h(f) = -f**2 - 3*f. Give h(i).
0
Let s(y) = -2*y + 4*y - 1 - y. Suppose 2*u = -16*t + 19*t - 1, t + 3*u - 37 = 0. Determine s(t).
6
Let b(w) = -13*w + 1. Suppose -78 + 18 = -15*g. Let z be g/5 - 34/(-170). Give b(z).
-12
Suppose -184 = 12*l - 40. Let y(t) = -2*t**2 - 25*t + 13. What is y(l)?
25
Let i(b) = -b**2 - 19*b - 4. Let x be i(-18). Let f(g) = g**3 - 14*g**2 - 2*g + 30. What is f(x)?
2
Let m(r) = 7*r**2 - 2*r - 4 + 946*r**3 + 2*r - 948*r**3. Calculate m(4).
-20
Suppose 5*i - 75 = -5*h, 0 = -4*h + 8*h - 16. Let x(z) = -1 - 24 + 6 + i + 9 + 12*z. Give x(-4).
-47
Let b(x) = -x**3 - 2*x**2 + 4. Let r be b(-4). Let s = 40 - r. Let g(u) = 4*u - 9 + u - s*u. What is g(8)?
-1
Let k(t) be the second derivative of t**3/3 + 7*t**2/2 - 11*t. Let o be k(-2). Let r(l) = 1102*l**3 + 2*l**2 - 1103*l**o - l - l**2 - 2. Determine r(-2).
12
Let y(w) = -w**3 + 6*w**2 + 19*w - 14. Suppose -s + 39 = 4*o, 4*o = -5*s - 20 + 87. Calculate y(o).
10
Let f(u) = -u**2 + 4*u - 5. Let c(i) = 0*i + 0 - 5*i + 2 + 4*i. Suppose -z - 5*o = 7, -2*z + o - 2 = 1. Let b be c(z). Calculate f(b).
-5
Let h(n) = -7*n**3 + 8*n**2 + n - 17. Let z(a) = -10*a**3 + 8*a**2 + 2*a - 25. Let i(o) = -3*h(o) + 2*z(o). Determine i(8).
9
Let x(f) = 7*f**2 + 3*f + 2. Suppose -i - 3*c - 6 = -6*c, -i - 1 = 2*c. Give x(i).
56
Let r be (-2)/4*(24 - 18 - -8). Let l(x) = -11*x - 68. Give l(r).
9
Let q(z) = -22*z**3 - 110*z**2 - 54*z - 115. Let g(k) = -10*k**3 - 55*k**2 - 27*k - 57. Let l(d) = 13*g(d) - 6*q(d). Calculate l(28).
-23
Let w(r) be the third derivative of -r**6/120 - r**5/4 - r**4/8 - 11*r**3/6 + 112*r**2. What is w(-15)?
34
Let x(s) = 53*s**2 - 3*s + 5. Let l(g) = 53*g**2 - 4*g + 6. Let m(f) = -4*l(f) + 5*x(f). Give m(1).
55
Let q(h) = h**2 + 6*h - 1. Let j be 1*0*(-5)/20. Let v be 5/((-200)/16)*(-10 + j). Suppose 3*f - p = -4 - 16, v*f - p + 27 = 0. Calculate q(f).
6
Let a = 346 - 301. Let j(f) = 2*f**2 + a*f - 2 + 2 + 19*f**3 - 43*f + 1. Determine j(-1).
-18
Let q(x) = -x**3 + 12*x**2 - 31*x + 1. Let h = 23787 + -23779. Give q(h).
9
Let u be (72/(-252))/(-3 + 123/42). Let x(j) be the second derivative of 1/20*j**5 - 11*j - 1/4*j**u - 2*j**2 + 0 - 1/6*j**3. What is x(3)?
-7
Let s(t) = -t**3 - 7*t**2 + 31*t + 23. Suppose 280 = -65*l - 370. What is s(l)?
13
Suppose 2*p = 5*d - 3 - 2, -2*p = 10. Let n be 75/105 - d/((-7)/(-2)). Let r(j) = -6*j**2 + j - 1. Calculate r(n).
-6
Suppose 3 = -i + 18. Let z(y) = -y + 10. Let n be z(i). Let j(r) = 105*r - 3 - 99*r + 4 + r**2. Determine j(n).
-4
Let t(o) = o - 3. Suppose 9 + 2 = 4*k - u, -2*k + u = -5. Let w(p) = 5*p - 6. Let z(r) = k*t(r) - w(r). Give z(-6).
9
Let h(x) be the third derivative of -x**6/120 - x**5/4 + x**4 + 68*x**3/3 + x**2 + 4822. Give h(-16).
8
Let w(d) = 3*d**2 - 52*d + 220. Let r(g) = -4*g**2 + 57*g - 220. Let b(y) = -2*r(y) - 3*w(y). Determine b(6).
-4
Suppose 3*y + 48 = 9*y. Let v be (0/(-2))/(-4*(-4)/y). Suppose 2*a + 14 = -v*a. Let c(z) = z**2 + 7*z + 5. What is c(a)?
5
Suppose 0 = 2*f - 2*n - 4, -5*n - 2 = -4*f + 10. Let z be (1/(-3) + 1)*(f + 5). Let j(d) = -3*d**z + 0*d**2 + 7*d + 0*d**2 - 1 + 4*d**2. Determine j(-7).
-1
Suppose -1720 = -5*k - 5*k. Let u = k - 181. Let d(w) = w**2 + 8*w - 13. Determine d(u).
-4
Suppose 20 = -3*g + 2*m, -5*m + 9*m = -2*g + 8. Let x(d) = 6*d + 17. Let c be x(g). Let u(r) = r**3 + 7*r**2 - r - 3. Calculate u(c).
4
Let n(k) = -15*k + 99. Let q be n(7). Let u(l) = -60*l - 358. What is u(q)?
2
Let c(d) = 11*d + 172 + 34 + d**2 - 193. Let r(t) = t**3 - 8*t**2 + 6*t - 2. Let k be r(7). Determine c(k).
-5
Let k(c) = c**3 - 7*c**2 + 5*c. Suppose 35 + 40 = 4*a + 5*m, a = 4*m + 24. Let t = a - 10. Let v be 35/6 - t/(-60). Give k(v).
-6
Let a(q) be the second derivative of -q**3/6 + 3*q**2/2 - 9*q - 28. Calculate a(-7).
10
Let b = -104 + 110. Suppose b = 2*y - 4*q, -5*y = -3*q - 0*q - 22. Let c(i) = i**3 - 5*i**2 + 7*i + 2. Calculate c(y).
37
Let x(g) = -2*g**2 - 5*g + 15. Let q(u) = -u**2 - 3*u + 7. Let w(j) = -7*q(j) + 3*x(j). Suppose -13 + 2 - 139 = -75*h. What is w(h)?
12
Let n(a) be the second derivative of -a**4/12 - 3*a**3/2 - a**2/2 + 2*a - 99. Let f(q) = -q**3 + 13*q**2 - 2*q + 18. Let d be f(13). Determine n(d).
